pose c*k + 46 = 4*k. What is the tens digit of k?
2
Let q(j) = 5*j + j**2 - 5*j + 4*j + 1. Let n be q(-2). Let t = 9 + n. What is the units digit of t?
6
Suppose 0 + 4 = 4*k, 13 = 3*u + k. Suppose 0 = -3*c + 12, -6*i - u*c + 70 = -3*i. Let l = -13 + i. What is the units digit of l?
5
Let v be (-6)/9*9/(-2). Suppose -f = -18 + v. What is the tens digit of f?
1
Let g(q) = -q**3 - 6*q**2 + 2*q - 4. Let f be g(-6). Let u = 12 - f. What is the tens digit of u?
2
Suppose -4*i + 10 = 2. Let l(c) = 4*c + 6. Let w be l(-4). What is the tens digit of (-51)/(-5) + i/w?
1
Suppose h + 2*h + 9 = 0. Let j(z) = 5*z**2 + 3*z + 3. What is the tens digit of j(h)?
3
Let q be ((-3)/2)/((-6)/(-16)). What is the tens digit of (q - 0)*(-69)/12?
2
Suppose -77 = -3*y - x + 93, 5*y = -4*x + 295. What is the units digit of y?
5
Let u(v) = 4*v - 16. What is the tens digit of u(8)?
1
Suppose 5*x = 0, -3*p - x = 2*x - 6. Suppose f + p = 5. Suppose 0*u - 4*u = f*h - 27, 0 = -5*u. What is the units digit of h?
9
Let g(k) = -k**3 - 10*k**2 - 23*k + 7. What is the units digit of g(-7)?
1
Let s(v) = -v + 2. Let k be s(6). Let r(i) = i**3 + 4*i**2 + 2*i - 1. Let j be r(k). Let w(x) = -x**3 - 9*x**2 - x + 4. What is the units digit of w(j)?
3
Suppose t + 1 = 58. What is the tens digit of t?
5
Let v be (-8)/(-28) - 145/(-7). Let b = v + -7. What is the units digit of b?
4
Suppose 0 = -3*g + 2*g - 1. What is the units digit of 1 + 0 + (-16)/g?
7
Let l = 135 + -76. Let f = l + -42. What is the tens digit of f?
1
Let c = 42 - 14. What is the tens digit of c?
2
Suppose 13*m - 6*m - 798 = 0. What is the hundreds digit of m?
1
Suppose 4*u - 24 = 6*u. Let s be (u/(-10))/((-9)/(-30)). Suppose c + 27 = s*c. What is the units digit of c?
9
Suppose -5 = -u, 4*n + 1325 = 9*n + 2*u. What is the hundreds digit of n?
2
Suppose -3*h + 5*h = -56. What is the tens digit of 0 - 3 - h/2?
1
Let y be (-290)/(-3) + (-4)/6. What is the units digit of (-2)/5 - y/(-15)?
6
Suppose 5*w + 53 = 7*i - 4*i, -2*w = 3*i - 46. Suppose 0*z - 4*l - i = z, 4*l = -5*z. Suppose z*g - 58 = 6. What is the units digit of g?
6
Suppose -5*c + t + 26 = -0*t, 0 = t + 1. Suppose -y - 3*h = 2*y - 54, -4*y - c*h = -77. What is the units digit of y?
3
Let l = 12 + -6. Let w = l + 3. What is the units digit of w?
9
Suppose -4*l + 2*m = 0, -2*m + 4*m = -4*l + 16. Suppose -3 = -j + 2*y + 5, 4*y = -4. Suppose -12 = l*t - j*t. What is the units digit of t?
3
Let h(s) = s**3 + 2*s**2 - 2*s + 1. Let y be h(1). Suppose 3*t - 13 = y. What is the units digit of t?
5
Let q(p) = p**2 - 7*p + 7. Let w be q(6). Let u = w - -1. Suppose u*r = 3*r - 10. What is the tens digit of r?
1
Suppose -165 = -0*t - 3*t + 2*k, -72 = -t - 5*k. Suppose -12 = 2*u + u, 2*u - t = -5*d. What is the units digit of d?
3
Let q(f) be the second derivative of -f**3/6 + 4*f**2 + f. Let w be (9/3 - -1)*1. What is the units digit of q(w)?
4
Let g(n) = 5*n**2 - 5*n - 1. What is the tens digit of g(4)?
5
Let i(y) = -3*y - 1. Let p be i(3). Let o be (-10)/4*(-12)/p. What is the tens digit of ((-22)/6)/(1/o)?
1
Suppose -4*w = -d - 2 - 0, -2*d - 5*w = -9. Let v(f) = 5*f**2 - f - 2. What is the tens digit of v(d)?
1
Suppose -2 = 2*z, 0*z + 2*z = 4*i - 154. What is the tens digit of i?
3
Let i = -4 - -18. Suppose -4*t + 174 = i. What is the units digit of t?
0
Suppose -3*j + 54 = -408. What is the units digit of j?
4
Let f = -4 - 2. Let c = f + 12. Suppose 18 = 2*q - c. What is the tens digit of q?
1
Let u be (0 - 1)*0 + 4. Suppose -z - 5*o = -18, 0 = -z + 2*o + u - 0. What is the units digit of z?
8
Let f = 12 + -7. Suppose 8 - 83 = -f*y. What is the tens digit of y?
1
Suppose 0*j - 4*j + 23 = f, 5 = -f. Suppose 13 = 2*w - j. What is the units digit of (-2 - (-28)/10)*w?
8
Suppose 3*p + 42 = -30. Let v = -15 - p. What is the units digit of v?
9
Let u(t) = t**3 + 7*t**2 + 4*t - 2. What is the tens digit of u(-6)?
1
Let k be -2 + (11 - 0/2). What is the units digit of -11 + 9 - (-1 - k)?
8
Let s(x) = -x**2 + 13*x - 1. Let y be s(8). Suppose 0 = 3*o - 6*o + y. What is the tens digit of o?
1
Suppose 2*h + 2 = h. What is the tens digit of (-63)/(-4) + h/(-8)?
1
Suppose 3*o + 16 = 5*k, 6*o - 5 = o + 2*k. Suppose -25 = 5*c, 4*c + 29 - 3 = 2*f. Suppose -o = f*g - 36. What is the tens digit of g?
1
Suppose 0 = -6*h + 3*h. Suppose h = -p - 0*p - 1. What is the tens digit of ((-2)/(-4))/p*-46?
2
Let t = 17 + 33. What is the units digit of t?
0
Let m = 9 - 5. Let i be 1/(-2) + 34/m. Suppose 2*n - 38 = -i. What is the tens digit of n?
1
Let a(c) = 5*c - 2. Let g(d) = 5*d - 1. Let b(u) = 2*a(u) - 3*g(u). What is the units digit of b(-2)?
9
Let b(k) = -7*k**3 - 4*k**2 - 4*k - 3. What is the units digit of b(-2)?
5
Suppose 0*v + 2*v = -4, -36 = -2*d - 2*v. Suppose -5*f + d = y + 4*y, 0 = -5*y + 4*f + 11. Suppose t = -4*b - 5, y*b + 3 = -9. What is the units digit of t?
1
Let c be (-52)/12 + 2/6. Let o be (2/c)/((-3)/(-30)). Let w(b) = -b**2 - 9*b - 5. What is the units digit of w(o)?
5
Suppose -3*v - 4*p - 3 = 0, -4*v + p + 0 = 4. Let r be (-36)/(-1 + -1)*v. Let f = -13 - r. What is the units digit of f?
5
Let o = -3 - -6. Suppose 3*z - 11 = 4*f - 1, 5*z = 5*f + 15. Let v = o - z. What is the units digit of v?
1
Suppose -5*i + 21 = y, 0*i - 4*i - y + 16 = 0. Let u be (-1)/i + 33/15. What is the units digit of (-88)/(-12) - u/6?
7
What is the units digit of (-2)/(-6) - (-475)/15?
2
Let a(w) = w**3 + 8*w**2 - 2*w + 4. Let f be a(-6). Suppose 2*n - f = -2*n. What is the units digit of n?
2
Suppose 3*o = 6*o - 15. What is the units digit of 1*(-1 + o) + 2?
6
Let t = -24 + 46. Suppose 2*w = -2*u + t, w - 4 - 28 = -4*u. What is the units digit of u?
7
What is the units digit of 303/9 + 12/9?
5
Let s(j) be the third derivative of -j**4/6 + 2*j**2. What is the units digit of s(-1)?
4
Suppose -a + 444 = 5*a. Let s = -29 + a. What is the tens digit of s?
4
Let f = 44 - -93. What is the hundreds digit of f?
1
Let p = 10 - 23. Let o = 2 - p. What is the tens digit of (-8)/(-6)*o/2?
1
Suppose 4*z = -4*z + 384. What is the tens digit of z?
4
What is the units digit of 30 + -2 + 1 + (-2 - 3)?
4
Suppose 0 = -2*v + 4, 5*k + 3 + 2 = 5*v. Suppose -12 - k = -d. What is the units digit of d?
3
Let x be (-2528)/(-80) + (-2)/(-5). Suppose -3*g - g + x = 0. What is the units digit of g?
8
Suppose 3*u = -5*g + 662, -4*u = -2*g - u + 269. What is the units digit of g?
3
Let t(z) = 2*z**2 + 6*z - 32. What is the tens digit of t(-13)?
2
Suppose -4*d + 0*i + i = -173, -3*d - 2*i = -138. What is the units digit of d?
4
Suppose 0 = 2*y - y. Suppose y*z + 4*z + 3*c = 187, -4*z - c = -177. What is the tens digit of z?
4
Suppose -11*z = -2*k - 16*z + 314, 4*k - 4*z = 628. What is the hundreds digit of k?
1
Let n(u) = 2*u. Let p be n(1). Let j be 2/(-2) - (p - 2). What is the tens digit of j/((-1)/18) - -3?
2
Suppose -2*c + 57 = -73. Suppose -6*t + t = -c. What is the tens digit of t?
1
Suppose q - 12 = -q + x, 2*q - 5*x = 12. What is the units digit of q?
6
Let c(r) = r - 5. Let h be c(5). Suppose h*i + 3*i - 15 = 0, 2*g - 36 = 2*i. Suppose 1 - g = -2*t. What is the tens digit of t?
1
What is the tens digit of (0 + -54)/(-3*5/15)?
5
Suppose 75 = 4*h + 3*t, 3*h + 3*t - 48 = -2*t. Suppose 46 = -19*x + h*x. What is the tens digit of x?
2
What is the units digit of ((-44)/(-12))/((-1)/(-9))?
3
Suppose -5*u = -v - 1305, 2*u - 720 = 5*v - 221. What is the tens digit of u?
6
Let u = 67 + -119. Let c = -28 - u. What is the tens digit of c?
2
Let w be 8/(-6)*(-9)/(-2). Let o(s) = s**3 + 5*s**2 - 5*s + 1. Let d be o(w). Let a = 10 + d. What is the units digit of a?
5
Let d = -66 + 109. Suppose -3*b = b + 2*o - 126, -d = -2*b - 5*o. What is the units digit of b?
4
Let t(c) = c**3 + 2*c + 51. What is the tens digit of t(0)?
5
Suppose -5*k + k - 2*p + 12 = 0, 3*p + 15 = 5*k. What is the units digit of k*(-2 - -3 - -8)?
7
Suppose -2*t - m = -70, 0*m + 12 = 3*m. What is the units digit of t?
3
Let v = -436 + 682. What is the hundreds digit of v?
2
Suppose 14 = a - 1. What is the tens digit of a?
1
Suppose 12 = 5*j - 7*j. What is the tens digit of j/(-21) - (-624)/21?
3
Let n be 3/(6/2)*1. Let g(f) be the first derivative of 3*f**4/4 - f**3/3 - f**2/2 + f - 3. What is the units digit of g(n)?
2
Let n = 7 + -8. Let m = n - -6. Suppose -5*l